3 - 3 + 3*s - 4*s**2 - s**q + 2. Calculate t(2).
-7
Let l(n) be the first derivative of -2*n**3/3 + 2*n**2 - n + 176. Calculate l(3).
-7
Let s(l) = 4*l**3 + 1. Let h be (-174)/18 + 2/3. Let r be h/6*(1/(-3) - -1). Give s(r).
-3
Let q(i) = -11*i + 9*i - 3 + 2*i**2 + 4 + i**3. Let x be q(-3). Let g(j) = 0*j + 0*j - 2 - j**2 + 1 + 2*j. Give g(x).
-9
Let t be 30/9*510/425. Let f(s) = 3*s**3 + 6*s - 2. Let n(r) = -5*r**3 - r**2 - 11*r + 4. Let k(h) = -7*f(h) - 4*n(h). What is k(t)?
6
Let q be (-9)/(-2)*(-15 - 2 - -19). Let g(k) = -8*k + 73. What is g(q)?
1
Let k be (-2)/(-2) + 0 - -2. Let c(j) = -23*j - 22. Let u(m) = -11*m - 10. Let i(d) = -6*c(d) + 13*u(d). Give i(k).
-13
Let k(q) = -193*q + 97*q + 95*q - 8 + 4. Suppose -35 = 4*b + b. Give k(b).
3
Let h(y) = 4*y - 27. Let c be h(7). Let j be (-1)/(c - -2 - (-10)/(-3)). Let t(u) be the second derivative of -u**4/12 + u**3/3 + u**2/2 - u. Calculate t(j).
-2
Let u(x) = -x**2 - 2. Let z be u(-3). Let r = 3 + z. Let p(j) = j**3 + 9*j**2 + 9*j + 4. Determine p(r).
-4
Suppose 0 = 3*v - 11 + 5. Let i(t) = 2*t**2 - 2*t + 2. What is i(v)?
6
Let u(a) be the third derivative of a**6/120 + 7*a**5/60 - a**4/24 - 17*a**3/6 + 5*a**2 - 58*a. Calculate u(-7).
-10
Let t(x) = 2*x**3 + 4*x**2 + 2*x. Let z(b) = 15 + b + 5*b**3 - 4*b**2 - 6*b**3 - 4*b**2 - 9*b**2. Let q be z(-17). Determine t(q).
-4
Let z(k) = -k**2 - 4*k + 7. Suppose 3*v - 12 = -4*y + y, 3*v - 11 = -4*y. Let o be (-1 - 0)/y - 1*7. Give z(o).
-5
Let p(r) = r**2 + 72*r + 674. Let l be p(-61). Let f(i) = -2*i**3 + 3*i**2 + 2*i + 1. What is f(l)?
-20
Let p be (-2 - (2 - 19)) + -1. Let g be 5/2 - 7/p. Let r(i) = 5 + i + 0*i - g + 1. Give r(6).
10
Let c(o) = o**2 - 4*o - 4. Let z be ((-12)/(-8))/((-2)/(-4)). Let w be 66 + z/(0 + -1). Let g be (-14)/w - 56/(-9). Calculate c(g).
8
Suppose -12*d + 13*d = 6. Let u be 4/14 - 24/(-14). Let r(z) = -d*z + u*z - 2*z + 5*z. Calculate r(5).
-5
Let w(l) = 2*l - l + 5 - 12 - l**2. Let i(p) = 7*p**2 + 3*p + 2. Let o be i(-1). Let g(m) = m**2 - 6*m. Let b be g(o). What is w(b)?
-7
Suppose 110 - 100 = 2*l. Let i(p) = -p**2 + 8*p - 11. Give i(l).
4
Let t(a) = a**3 - 2*a**2 - 2. Suppose 2*p + 3*p = -65. Let l(x) = -x**2 + 4*x + 10. Let g be l(7). Let v = g - p. Calculate t(v).
-2
Let y be 76/16 - (-4)/16. Let i(b) = b**2 - 3*b - 4. Let j be i(y). Let n(d) = 0*d - 2*d + d**2 + j*d - d**3 - d. Determine n(3).
-9
Suppose 3*d = 11 - 2. Let v(z) = z**2 + 4*z - 3. Suppose 5*g - 4*y + 24 = 0, 1 + 4 = 5*y. Let u(k) = 3*k - 2. Let s(j) = d*v(j) + g*u(j). What is s(-1)?
2
Let c(a) = 3*a + 2 - 5*a - 1 + 0. Let k = 128 - 125. Determine c(k).
-5
Let l(n) be the third derivative of n**6/120 + n**5/10 + 7*n**4/24 + 11*n**3/6 + 27*n**2 - n. Determine l(-4).
15
Let d = -2 - -2. Suppose 5 = 5*r - d. Let x(l) = 3*l**2 - l. Give x(r).
2
Suppose 0 = 5*a + 2*a - 56. Let o(c) be the second derivative of -c**3/6 + c**2 - 2*c. What is o(a)?
-6
Let j(f) = f**3 + 3*f**2 - 3*f - 4. Let q = -231 - -228. What is j(q)?
5
Let x(w) be the first derivative of w**2 - 16*w + 94. Determine x(11).
6
Let h(i) = i**2 + 9*i. Suppose -a + 80 = -0. Suppose 0 = -3*q - a + 56. What is h(q)?
-8
Suppose 0 = -818*t + 819*t - 8. Let h(f) = f**2 - 5*f + 4. Let o(x) = 2*x**2 - 11*x + 9. Let k(w) = 7*h(w) - 4*o(w). Calculate k(t).
0
Let s(b) be the second derivative of 0*b**2 - 3/2*b**3 - 1/120*b**6 + 0 + 0*b**4 + 2*b - 1/120*b**5. Let x(u) be the second derivative of s(u). What is x(-1)?
-2
Let r = 2 + -4. Suppose -4*v + 3 = -5. Let x(m) = 0*m + 316 + v*m - 317. Give x(r).
-5
Let m(f) = f + 4. Let h be m(-3). Let z(g) = 1 - g**2 - h + 0. Determine z(1).
-1
Let d(p) = 14*p - 3*p**2 + p**3 - 2*p**2 - 6*p - 4*p**2 + 4. Determine d(8).
4
Suppose 2*y + 5*f = -1, -5*y + 3*f = 2*f - 65. Let z(c) = -51 + 13 + 20 - 4*c + y. Determine z(-5).
14
Let n(h) = h**3 + h**2 + 1. Let y(q) = -2*q**3 + 2*q**3 - 2*q + 10 + 5*q**3 - 4. Let x(r) = -4*n(r) + y(r). Calculate x(4).
-6
Let m(a) = -2*a**2 + 4*a + 3. Let g = 222 - 218. Calculate m(g).
-13
Let r(u) = -u**3 + 4*u**2 - 2*u - 4. Let k = -60 + 94. Let d be 350/85 + (-4)/k. What is r(d)?
-12
Let l(c) be the first derivative of -2*c**3/3 - 2*c**2 - 4*c - 105. Calculate l(-3).
-10
Let q be 5/(-2)*(-12 - (-140)/10). Let g(n) = n - 1. Let w(x) = -7*x - 4. Let k(u) = -6*g(u) - w(u). What is k(q)?
5
Let m = 51 - 55. Let d(y) be the second derivative of -1/6*y**3 - 1/2*y**2 - 1/12*y**4 + 3*y + 0. Determine d(m).
-13
Let i = 16 + -22. Let a be (-1)/i - (-1060)/120. Let l(m) = m - 5. Let u(n) = 2*n - 11. Let z(h) = -11*l(h) + 6*u(h). What is z(a)?
-2
Let p = 20 + -18. Let s(a) = 3 + a**3 - 5*a + p*a**2 - 2 + 2*a + 0*a. What is s(-4)?
-19
Let p = -576 + 580. Let s(m) = -m**3 + 4*m**2 - 2*m + 1. What is s(p)?
-7
Let m(i) = 22*i**2 - i - 7*i**2 - 12*i**2 + 10*i**2. What is m(1)?
12
Let d(u) = -u**2 + u + 1. Let k(b) = b**3 - 8*b**2 + b + 3. Suppose 5*i + 36 = -i. Let t(r) = i*d(r) + k(r). Suppose 2*m + 2*s = 4, -6*s + s = 10. What is t(m)?
9
Let v be (-510)/(-21) + 4/(-14). Let g = 19 - v. Let r(f) = f**3 + 5*f**2 + 5. What is r(g)?
5
Let i = -53 - -54. Let r(a) = -a. Let y(l) = l - 3. Let w(u) = i*y(u) + 2*r(u). Give w(3).
-6
Suppose 48*b + 240 = 18*b. Let y(k) = -k**3 - 9*k**2 - 10*k - 12. What is y(b)?
4
Let k(i) be the first derivative of -i**2/2 - 2*i + 5. Let b be -5*(-1 - (3 + -3)). Suppose p + 10 = -b*w, 3*p - 8 = w + 3*w. Give k(w).
0
Let d(z) = -z**3 - 3*z**2 + 2. Let g = -58 - -40. Let k(h) = -9*h + 6. Let t be k(3). Let f = t - g. Calculate d(f).
2
Let v = 323 + -326. Suppose -2*n - c = -20, 3*n - 19 = 2*c + 2*c. Let f(b) = -n + 2*b**2 + 3*b**2 - 4*b**2 + 5. Calculate f(v).
5
Let u(v) = 6*v**3 - 11*v**2 + 31*v**2 - 13*v**2 - 2*v + 1 - 5*v**2. Let r = -1 - -2. Calculate u(r).
7
Let m(s) = 4*s + 1. Let y(x) be the second derivative of 2*x**3/3 + x**2/2 + 9*x. Let g(p) = -2*m(p) + 3*y(p). What is g(-2)?
-7
Let a(o) = -32*o. Let s(d) = 17*d - 1. Let g(m) = 6*a(m) + 11*s(m). What is g(-8)?
29
Let o(z) be the second derivative of -z**5/20 + z**4/6 + 5*z**3/6 - 2*z**2 + 15*z. Let u be (-2)/(2/(-4) + 0). Suppose 0*k + u*k - 12 = 0. Determine o(k).
2
Let t(z) = -10 - z + 9 + 9 + 12. Let x be t(14). Let n(w) = -w**3 + 5*w**2 + 7*w. What is n(x)?
6
Let b(o) = 2*o - 4*o - 18 + 5*o + 18 - 18. Calculate b(4).
-6
Let s(r) = -r + 3. Let g be 10/45*9 - 2*2. Determine s(g).
5
Let j = 2 - 0. Let m(t) = 1 + t**3 - t**j - 3*t - t**2 - 4 + t**2. Let s be 100/(-45) + 2*1/9. What is m(s)?
-9
Suppose -3*a + 2*c - 5 = 2*a, 0 = 3*a - 3*c - 6. Let j = 5 + -1. Let h(z) = -5*z + 2*z + 2 + j*z. What is h(a)?
-1
Suppose -3 = 3*g + 3. Let q(c) = -7*c**2 + 11*c + 7. Suppose i - 5 + 0 = 0. Let l(j) = -4*j**2 + 6*j + 4. Let b(n) = i*l(n) - 3*q(n). What is b(g)?
9
Let o be 8/2 + (2 - 6 - -3). Let f(l) be the first derivative of -o - 7/2*l**2 + 1/3*l**3 + 6*l. Give f(6).
0
Let k(r) be the first derivative of -r**4/4 - 3*r**3 - r**2 - 2*r - 851. What is k(-9)?
16
Suppose 11 = c + 5*h - 5, 0 = -4*c - 4*h + 32. Suppose -4*p + c*p - 32 = 0. Let r = -12 + p. Let a(n) = -n + 2. Calculate a(r).
-2
Let w(c) = 3*c + 3. Let i be (-1)/((42/48)/(-7)). Let b(a) = -a**2 + 4*a. Let r be b(3). Suppose r*t + t = -i. What is w(t)?
-3
Let n(a) be the second derivative of -a**4/12 - 3*a**3/2 - 21*a**2/2 - 112*a. Determine n(-6).
-3
Let z(b) be the third derivative of -5/24*b**4 + 13/6*b**3 + 0 - 5*b**2 + 0*b. Let n(t) = -t + 3. Let u(c) = -18*n(c) + 4*z(c). What is u(-4)?
6
Let g(h) = -1 + 4*h + h**3 - 1 - 5*h. Suppose -4*i = 2*n - 12, 0 = -3*n + 5*i - i - 2. What is g(n)?
4
Let k(s) = -s**3 + 6*s**2 - 3*s + 1. Suppose -q + 11 = h, 10 = h + 5. Give k(q).
-17
Let g be 2788/20 + (-6)/(-10). Let l be 240/g*7/2. Suppose -2*z + l*z + 12 = 0. Let q(m) = -m**3 - 3*m**2 + 3*m. Give q(z).
-9
Let w(a) = a - 3*a - 1 + a - 2*a - 5*a**2 + a. Suppose 0 = -4*k - 2*o - 12, 3*o = -5*k - 10 - 7. Determine w(k).
-4
Let q(g) = 22*g + 68. Let c(z) = 14*z + 45. Let p(f) = 8*c(f) - 5*q(f). Give p(-6).
8
Let o(g) = g - 1. Let w(b) = b - 7. Let x(q) = 2*o(q) - w(q). Suppose -10*t + 2154 = 2204. Calculate x(t).
0
Suppose -3*j + 19 = -5*n - 7, -4*n - 12 = 2*j. Let z(m) = m**3 - m**2 + 2*m - 2. Give z(j).
6
Let i(b) be the first derivative of b**5/40 - b**4/24 + b**3 - 17. Let o(n) be the third derivative of i(n). Calcula